te the highest common divisor of h and f.
17
Let c(i) = 57*i**2 - 1. Let v be c(1). What is the highest common factor of 84 and v?
28
Let z = 19 + -17. Suppose -v + 39 = 2*v + 3*b, 115 = 5*v - 5*b. What is the greatest common factor of v and z?
2
Let p = -325 + 725. What is the highest common divisor of 50 and p?
50
Let q(a) = a + 16. Let j be q(-5). What is the highest common divisor of j and 11?
11
Suppose 0*g + 54 = 2*g - 4*d, -g + 5*d + 39 = 0. What is the highest common divisor of g and 57?
19
Suppose 3*i + 4*q - 322 = 0, -q - q + 532 = 5*i. Suppose 3*u - 4*h = 64, 5*h - i = -4*u - 0*h. Calculate the highest common factor of u and 16.
8
Suppose -2 = 2*j - 8. Suppose 158 = p - a, 7*p - j*a = 2*p + 794. Calculate the greatest common factor of 64 and p.
32
Let i(a) = a**3 - 7*a**2 + 6*a + 8. Let d be i(6). What is the highest common factor of d and 16?
8
Suppose 2*x = -22 + 54. Suppose -2*l - 542 = -2*s, 3*s - 2*s - 271 = -5*l. Suppose -129 = -5*z + s. Calculate the greatest common divisor of z and x.
16
Let z = 33 - 22. Suppose -18 = -3*t - 5*h, 0*t + 3*h - 8 = t. Calculate the highest common divisor of z and t.
1
Let p be -19*(1 - 2 - 1). Calculate the greatest common divisor of p and 38.
38
Let u(s) = s**2 - 7*s - 14. Let v be u(10). What is the greatest common factor of 64 and v?
16
Suppose -i + 8 = 3*o - 8, 4*o - 15 = 5*i. Suppose -4*j + 41 - i = 0. What is the highest common divisor of 90 and j?
10
Suppose -5*v + 41 = -184. Calculate the greatest common factor of v and 18.
9
Suppose 10 = -2*c + 4*c - 4*z, -50 = -4*c + 2*z. Calculate the greatest common factor of c and 105.
15
Let v be 1 + 0*2/6. What is the greatest common factor of v and 7?
1
Suppose 2*d - 8 = -2*d. Let x(k) = -k**3 - 4*k**2 + 4*k + 3. Let u be x(-3). Let r be (0 - u/4)*d. Calculate the highest common factor of r and 45.
9
Suppose 2*b + 2*b + 4 = 0. Let s be (-12)/b - (-3 + 1). Calculate the greatest common factor of s and 2.
2
Let y be (-1)/(3/(-9)*1). Let v = 2 - y. Let b = v - -2. What is the greatest common divisor of b and 1?
1
Let l(b) = -19*b + 6. Let n be l(-2). Calculate the greatest common divisor of 110 and n.
22
Let m be 5/((-20)/(-72)) + 3. Let c = m + -17. Let l = -6 + 8. What is the greatest common factor of c and l?
2
Suppose 5*m + 5 = 35. What is the greatest common factor of m and 96?
6
Let w be 9/12 + 0 + (-1978)/(-8). Calculate the highest common factor of w and 8.
8
Suppose 34 = 2*f - 78. What is the highest common factor of 28 and f?
28
Suppose -5*z + j + 15 = 0, 3*z + j = 4*z - 7. Let v = -1 + z. Calculate the highest common divisor of v and 5.
1
Suppose -3*a - 1 + 37 = 0. Let q = -7 - -10. Let b(n) = n**3 + n**2 - 4*n. Let r be b(q). Calculate the greatest common divisor of r and a.
12
Let i(x) = x**2 + 5*x. Let r be i(-6). Let t = 0 + r. Let l(z) = 3*z - 4. Let j be l(t). What is the highest common factor of 14 and j?
14
Suppose -2*a - 2*a = -72. What is the greatest common divisor of a and 198?
18
Let g = 12 + -3. Let f = g - 0. What is the highest common divisor of 18 and f?
9
Let m(v) = v**2 - 5*v - 4. Let o = 26 - 20. Let l be m(o). What is the greatest common divisor of 8 and l?
2
Suppose 4*w - 4 = -5*n + 23, -w = -3. Let o be (-9 + (2 - n))*-2. Calculate the highest common divisor of 30 and o.
10
Suppose 2*s = 7*s - 160. Let n = s + -12. Calculate the highest common factor of 30 and n.
10
Let z = 7 - 7. Let i(o) = -o**3 - o**2 + o + 24. Let b be i(z). Calculate the highest common factor of b and 60.
12
Let l(h) = -h**2 + h + 72. Let n be l(0). Suppose r = -2*r + n. Let t = -17 + r. What is the highest common factor of t and 35?
7
Let f be 10 - 1*0/(-1). Suppose -10 - 10 = -5*p. Suppose 0*k + 100 = 5*k + 4*j, j + 80 = p*k. What is the highest common factor of k and f?
10
Suppose 66 = -2*g + 5*g. Suppose -2*f - 5*p + 69 = 0, 5*f + p = -0*f + 115. What is the highest common factor of g and f?
22
Let d = -2 + 4. Suppose -d*h = 3*h. Suppose 4*v - 6 - 2 = h. Calculate the highest common factor of 14 and v.
2
Let q be (-2)/(-3) - (-33350)/69. What is the highest common factor of 44 and q?
44
Suppose y - 8 = -h - h, 5*h - y - 20 = 0. Let z be (-2)/h*-6 + 9. What is the highest common factor of 84 and z?
12
Suppose -4*x - x = -10. Suppose -2*i = 5*t + i - 21, 0 = 2*t - 2*i - x. Let y = 5 - t. Calculate the greatest common divisor of 6 and y.
2
Let t(z) = -53*z - 1. Let f be t(-5). Suppose 0 = -19*g + 17*g + 48. What is the highest common factor of f and g?
24
Let u(x) = -8*x**3 - 2*x**2 + 1. Let s be u(-1). Let f = 1 + 0. What is the greatest common divisor of f and s?
1
Suppose 0 = 5*p - 3*r - 1038, 2*p + 5*r = -p + 616. Calculate the greatest common divisor of 23 and p.
23
Suppose -4*x + 48 = x - 4*d, -x - 4*d = 0. What is the highest common factor of 1 and x?
1
Suppose -4*p = -3*p - 9. Suppose 3*m = 3*j + 18, -2*m + j = 2*m - p. Let w be (-3 + 9)*(2 + m). What is the highest common divisor of 27 and w?
9
Suppose 165*d = 161*d + 68. What is the highest common divisor of 119 and d?
17
Suppose 0 = 3*r + r - 72. Calculate the highest common factor of 12 and r.
6
Let q(z) = -z**2 + 4*z + 7. Let a be q(5). Suppose 4*p + 11 = g - 6, 85 = 5*g + a*p. What is the greatest common divisor of g and 85?
17
Let p be -2 + 30/12 + 934/4. Calculate the highest common divisor of p and 26.
26
Let u = 6 - 5. Let c be (48/20)/(u/10). Let i be ((-2)/6)/((-4)/c). Calculate the highest common divisor of i and 14.
2
Let s = -2 + 5. Calculate the greatest common divisor of s and 1.
1
Let b(c) = c**2 - 4*c - 1. Let m be b(5). Suppose -m = 2*g - 2. Let y be 49 + g*2 + -2. What is the highest common divisor of y and 30?
15
Let w = 16 - 13. Calculate the greatest common divisor of w and 6.
3
Let k = -435 - -633. What is the highest common factor of 66 and k?
66
Let v = -30 + 110. Suppose 0*c = 4*c - v. Calculate the greatest common divisor of c and 8.
4
Let y(b) = -4*b + 2. Let h be y(-3). Let u be (-2)/(-4 - -2 - -1). Suppose -3*j + u = -40. What is the highest common factor of h and j?
14
Suppose 3*g - 2*h = 7*g - 148, 0 = -3*g - h + 112. What is the highest common divisor of 418 and g?
38
Suppose 5*s - 2*s = 48. What is the highest common factor of s and 1?
1
Let w(q) = 11*q + 29*q - 7 - 3. Let a be w(7). Let u = a + -171. What is the highest common divisor of u and 9?
9
Suppose 4*h = 2*h - q + 73, -3*h + 113 = 5*q. Calculate the greatest common divisor of 24 and h.
12
Let l be 2 - 0 - 2 - -5. Suppose 2*j - l = 5. Suppose y = j*y - 20. Calculate the greatest common divisor of y and 1.
1
Suppose 3*v = -n + 5, -n + 4*v + 0*v + 5 = 0. Calculate the highest common factor of n and 45.
5
Let u(v) = 2*v - 14*v + 2 - 8*v. Let j(n) = 7*n - 1. Let k(m) = -17*j(m) - 6*u(m). Let g be k(-3). What is the greatest common divisor of 20 and g?
2
Let d = -1 + 2. Let v = d + 1. Suppose 5*k = 5*z + 45, -v*z + 82 - 9 = 5*k. What is the greatest common factor of 143 and k?
13
Suppose 3*o = 4*r + 34, 4*o - 3*r = r + 52. Let q be (3 - (-2)/(-1)) + 10 - -1. What is the greatest common divisor of q and o?
6
Let h = 55 - 38. Calculate the greatest common factor of h and 187.
17
Let a = 0 - -3. Let h be 1/(a*2/90). What is the greatest common factor of 15 and h?
15
Suppose g - 17 - 38 = 0. What is the greatest common divisor of g and 5?
5
Let o be (-9)/36 - 66/(-8). What is the highest common divisor of o and 20?
4
Let m(p) = p**2 + 5*p. Let u be 7/(-2) - 1/2. Let g be m(u). Let o be 17 + (g*1 - -3). Calculate the greatest common factor of o and 8.
8
Let c be (20/(-14))/(34/(-476)). Calculate the greatest common divisor of c and 80.
20
Let p = 60 + -37. What is the highest common factor of 161 and p?
23
Let g(a) = 3*a**3 - a**2 + a - 1. Let z be g(1). Suppose -z*w - 50 = -140. What is the greatest common factor of 18 and w?
9
Suppose 2*o = -7*o + 693. Calculate the greatest common divisor of 14 and o.
7
Let q be 4/12 + 71/3. Suppose -n = -3, -2*n = 3*b - 3*n - 21. What is the highest common divisor of q and b?
8
Suppose 0 = -t + 2*x + 12, 2*t + 2*t - 2*x = 66. Calculate the highest common factor of t and 54.
18
Let i(u) = 6*u + 5. Let n be i(6). Suppose -6*t = -9*t + 366. Suppose 3*r = t - n. What is the greatest common factor of 3 and r?
3
Let w = -13 - -26. Calculate the greatest common fact